{"id":598,"date":"2024-01-31T16:55:20","date_gmt":"2024-01-31T16:55:20","guid":{"rendered":"https:\/\/speeches.byu.edu\/por\/?page_id=598"},"modified":"2024-06-07T23:46:16","modified_gmt":"2024-06-07T23:46:16","slug":"videos-curtos-inspiradores","status":"publish","type":"page","link":"https:\/\/speeches.byu.edu\/por\/videos-curtos-inspiradores\/","title":{"rendered":"V\u00eddeos curtos inspiradores"},"content":{"rendered":"","protected":false},"excerpt":{"rendered":"","protected":false},"author":125,"featured_media":0,"parent":0,"menu_order":0,"comment_status":"closed","ping_status":"closed","template":"templates\/inspiring-shorts.php","meta":{"_acf_changed":false,"footnotes":""},"class_list":["post-598","page","type-page","status-publish","hentry"],"acf":[],"yoast_head":"<!-- This site is optimized with the Yoast SEO Premium plugin v27.3 (Yoast SEO v27.3) - https:\/\/yoast.com\/product\/yoast-seo-premium-wordpress\/ -->\n<title>V\u00eddeos curtos inspiradores | BYU Speeches Portugu\u00eas<\/title>\n<meta name=\"description\" content=\"Uma cole\u00e7\u00e3o de curtos v\u00eddeos inspiradores e edificantes, extra\u00eddos de palestras e discursos proferidos na BYU.\" \/>\n<meta name=\"robots\" content=\"index, follow, max-snippet:-1, max-image-preview:large, max-video-preview:-1\" \/>\n<link rel=\"canonical\" href=\"https:\/\/speeches.byu.edu\/por\/videos-curtos-inspiradores\/\" \/>\n<meta property=\"og:locale\" content=\"pt_BR\" \/>\n<meta property=\"og:type\" content=\"article\" \/>\n<meta property=\"og:title\" content=\"V\u00eddeos curtos inspiradores\" \/>\n<meta property=\"og:description\" content=\"Uma cole\u00e7\u00e3o de curtos v\u00eddeos inspiradores e edificantes, extra\u00eddos de palestras e discursos proferidos na BYU.\" \/>\n<meta property=\"og:url\" content=\"https:\/\/speeches.byu.edu\/por\/videos-curtos-inspiradores\/\" \/>\n<meta property=\"og:site_name\" content=\"BYU Speeches Portugu\u00eas\" \/>\n<meta property=\"article:publisher\" content=\"https:\/\/www.youtube.com\/@BYUSpeechesPortugues\" \/>\n<meta property=\"article:modified_time\" content=\"2024-06-07T23:46:16+00:00\" \/>\n<meta property=\"og:image\" content=\"https:\/\/speeches.byu.edu\/por\/wp-content\/uploads\/sites\/7\/2024\/01\/Speeches_ShareCard2024_PORT.jpg\" \/>\n\t<meta property=\"og:image:width\" content=\"1920\" \/>\n\t<meta property=\"og:image:height\" content=\"1080\" \/>\n\t<meta property=\"og:image:type\" content=\"image\/jpeg\" \/>\n<meta name=\"twitter:card\" content=\"summary_large_image\" \/>\n<script type=\"application\/ld+json\" class=\"yoast-schema-graph\">{\"@context\":\"https:\\\/\\\/schema.org\",\"@graph\":[{\"@type\":\"WebPage\",\"@id\":\"https:\\\/\\\/speeches.byu.edu\\\/por\\\/videos-curtos-inspiradores\\\/\",\"url\":\"https:\\\/\\\/speeches.byu.edu\\\/por\\\/videos-curtos-inspiradores\\\/\",\"name\":\"V\u00eddeos curtos inspiradores | BYU Speeches Portugu\u00eas\",\"isPartOf\":{\"@id\":\"https:\\\/\\\/speeches.byu.edu\\\/por\\\/#website\"},\"datePublished\":\"2024-01-31T16:55:20+00:00\",\"dateModified\":\"2024-06-07T23:46:16+00:00\",\"description\":\"Uma cole\u00e7\u00e3o de curtos v\u00eddeos inspiradores e edificantes, extra\u00eddos de palestras e discursos proferidos na BYU.\",\"inLanguage\":\"pt-BR\",\"potentialAction\":[{\"@type\":\"ReadAction\",\"target\":[\"https:\\\/\\\/speeches.byu.edu\\\/por\\\/videos-curtos-inspiradores\\\/\"]}]},{\"@type\":\"WebSite\",\"@id\":\"https:\\\/\\\/speeches.byu.edu\\\/por\\\/#website\",\"url\":\"https:\\\/\\\/speeches.byu.edu\\\/por\\\/\",\"name\":\"BYU Speeches Portugu\u00eas\",\"description\":\"\",\"publisher\":{\"@id\":\"https:\\\/\\\/speeches.byu.edu\\\/por\\\/#organization\"},\"potentialAction\":[{\"@type\":\"SearchAction\",\"target\":{\"@type\":\"EntryPoint\",\"urlTemplate\":\"https:\\\/\\\/speeches.byu.edu\\\/por\\\/?s={search_term_string}\"},\"query-input\":{\"@type\":\"PropertyValueSpecification\",\"valueRequired\":true,\"valueName\":\"search_term_string\"}}],\"inLanguage\":\"pt-BR\"},{\"@type\":\"Organization\",\"@id\":\"https:\\\/\\\/speeches.byu.edu\\\/por\\\/#organization\",\"name\":\"BYU Speeches\",\"url\":\"https:\\\/\\\/speeches.byu.edu\\\/por\\\/\",\"logo\":{\"@type\":\"ImageObject\",\"inLanguage\":\"pt-BR\",\"@id\":\"https:\\\/\\\/speeches.byu.edu\\\/por\\\/#\\\/schema\\\/logo\\\/image\\\/\",\"url\":\"https:\\\/\\\/speeches.byu.edu\\\/por\\\/wp-content\\\/uploads\\\/sites\\\/7\\\/2024\\\/01\\\/BYUspeechesLogo-1.png\",\"contentUrl\":\"https:\\\/\\\/speeches.byu.edu\\\/por\\\/wp-content\\\/uploads\\\/sites\\\/7\\\/2024\\\/01\\\/BYUspeechesLogo-1.png\",\"width\":1000,\"height\":1000,\"caption\":\"BYU Speeches\"},\"image\":{\"@id\":\"https:\\\/\\\/speeches.byu.edu\\\/por\\\/#\\\/schema\\\/logo\\\/image\\\/\"},\"sameAs\":[\"https:\\\/\\\/www.youtube.com\\\/@BYUSpeechesPortugues\"]}]}<\/script>\n<!-- \/ Yoast SEO Premium plugin. -->","yoast_head_json":{"title":"V\u00eddeos curtos inspiradores | BYU Speeches Portugu\u00eas","description":"Uma cole\u00e7\u00e3o de curtos v\u00eddeos inspiradores e edificantes, extra\u00eddos de palestras e discursos proferidos na BYU.","robots":{"index":"index","follow":"follow","max-snippet":"max-snippet:-1","max-image-preview":"max-image-preview:large","max-video-preview":"max-video-preview:-1"},"canonical":"https:\/\/speeches.byu.edu\/por\/videos-curtos-inspiradores\/","og_locale":"pt_BR","og_type":"article","og_title":"V\u00eddeos curtos inspiradores","og_description":"Uma cole\u00e7\u00e3o de curtos v\u00eddeos inspiradores e edificantes, extra\u00eddos de palestras e discursos proferidos na BYU.","og_url":"https:\/\/speeches.byu.edu\/por\/videos-curtos-inspiradores\/","og_site_name":"BYU Speeches Portugu\u00eas","article_publisher":"https:\/\/www.youtube.com\/@BYUSpeechesPortugues","article_modified_time":"2024-06-07T23:46:16+00:00","og_image":[{"width":1920,"height":1080,"url":"https:\/\/speeches.byu.edu\/por\/wp-content\/uploads\/sites\/7\/2024\/01\/Speeches_ShareCard2024_PORT.jpg","type":"image\/jpeg"}],"twitter_card":"summary_large_image","schema":{"@context":"https:\/\/schema.org","@graph":[{"@type":"WebPage","@id":"https:\/\/speeches.byu.edu\/por\/videos-curtos-inspiradores\/","url":"https:\/\/speeches.byu.edu\/por\/videos-curtos-inspiradores\/","name":"V\u00eddeos curtos inspiradores | BYU Speeches Portugu\u00eas","isPartOf":{"@id":"https:\/\/speeches.byu.edu\/por\/#website"},"datePublished":"2024-01-31T16:55:20+00:00","dateModified":"2024-06-07T23:46:16+00:00","description":"Uma cole\u00e7\u00e3o de curtos v\u00eddeos inspiradores e edificantes, extra\u00eddos de palestras e discursos proferidos na BYU.","inLanguage":"pt-BR","potentialAction":[{"@type":"ReadAction","target":["https:\/\/speeches.byu.edu\/por\/videos-curtos-inspiradores\/"]}]},{"@type":"WebSite","@id":"https:\/\/speeches.byu.edu\/por\/#website","url":"https:\/\/speeches.byu.edu\/por\/","name":"BYU Speeches Portugu\u00eas","description":"","publisher":{"@id":"https:\/\/speeches.byu.edu\/por\/#organization"},"potentialAction":[{"@type":"SearchAction","target":{"@type":"EntryPoint","urlTemplate":"https:\/\/speeches.byu.edu\/por\/?s={search_term_string}"},"query-input":{"@type":"PropertyValueSpecification","valueRequired":true,"valueName":"search_term_string"}}],"inLanguage":"pt-BR"},{"@type":"Organization","@id":"https:\/\/speeches.byu.edu\/por\/#organization","name":"BYU Speeches","url":"https:\/\/speeches.byu.edu\/por\/","logo":{"@type":"ImageObject","inLanguage":"pt-BR","@id":"https:\/\/speeches.byu.edu\/por\/#\/schema\/logo\/image\/","url":"https:\/\/speeches.byu.edu\/por\/wp-content\/uploads\/sites\/7\/2024\/01\/BYUspeechesLogo-1.png","contentUrl":"https:\/\/speeches.byu.edu\/por\/wp-content\/uploads\/sites\/7\/2024\/01\/BYUspeechesLogo-1.png","width":1000,"height":1000,"caption":"BYU Speeches"},"image":{"@id":"https:\/\/speeches.byu.edu\/por\/#\/schema\/logo\/image\/"},"sameAs":["https:\/\/www.youtube.com\/@BYUSpeechesPortugues"]}]}},"_links":{"self":[{"href":"https:\/\/speeches.byu.edu\/por\/wp-json\/wp\/v2\/pages\/598","targetHints":{"allow":["GET"]}}],"collection":[{"href":"https:\/\/speeches.byu.edu\/por\/wp-json\/wp\/v2\/pages"}],"about":[{"href":"https:\/\/speeches.byu.edu\/por\/wp-json\/wp\/v2\/types\/page"}],"author":[{"embeddable":true,"href":"https:\/\/speeches.byu.edu\/por\/wp-json\/wp\/v2\/users\/125"}],"replies":[{"embeddable":true,"href":"https:\/\/speeches.byu.edu\/por\/wp-json\/wp\/v2\/comments?post=598"}],"version-history":[{"count":18,"href":"https:\/\/speeches.byu.edu\/por\/wp-json\/wp\/v2\/pages\/598\/revisions"}],"predecessor-version":[{"id":866,"href":"https:\/\/speeches.byu.edu\/por\/wp-json\/wp\/v2\/pages\/598\/revisions\/866"}],"wp:attachment":[{"href":"https:\/\/speeches.byu.edu\/por\/wp-json\/wp\/v2\/media?parent=598"}],"curies":[{"name":"wp","href":"https:\/\/api.w.org\/{rel}","templated":true}]}}